ulate the highest common divisor of u and 14.
14
Let x(a) = -a**2 - 6*a. Let y be x(-5). Suppose 16 = y*w - 164. Calculate the greatest common factor of w and 12.
12
Suppose 0 = -5*d + 60 + 50. Let i = 42 - d. Let u(x) = -x - 4. Let y be u(-8). What is the greatest common factor of i and y?
4
Suppose 5*c + 4*v = 59, 26 + 26 = 4*c + 2*v. Let r be (-44 + -3 - -2)*(-1)/3. What is the highest common divisor of r and c?
15
Suppose 2*l = -3*p - 0*l - 17, -19 = 4*p - l. Let g = -1 - p. Suppose 2*y + m - 2*m = 25, -56 = -5*y - g*m. What is the greatest common factor of y and 12?
12
Suppose -s = -5*s + 64. Suppose s = -2*x + 4*z, -16 = 2*x + z - 3*z. Let q be x/(1/(-1)*1). Calculate the greatest common factor of 8 and q.
8
Let h be 54 + 0 + (-1 - -2). Let z be 3/(-5 + 452/88). What is the greatest common factor of z and h?
11
Suppose -4*s = 4*u - 17 - 11, 0 = 3*s - 5*u - 13. Let i = 3 + -3. Suppose i*z = -2*z + f + 14, -5*z + 24 = 3*f. What is the greatest common divisor of z and s?
6
Let i = -49 + 64. Let c be 106 + (1 + -2)/1. Calculate the greatest common divisor of c and i.
15
Let z be 4/(-14) - 86/(-7). Let s(j) = -4*j - 4. Let v be (-6)/(0 + (-6)/(-3)). Let h be s(v). Calculate the highest common divisor of h and z.
4
Let z = 29 - -12. Suppose r - 26 - 3 = 0. Let q = z - r. Calculate the greatest common factor of 84 and q.
12
Let g be ((-2)/4 - 0)*2. Suppose -2*u + 0*m = -2*m + 30, -5*u + 2*m = 90. Let c be g*3/(3/u). What is the highest common divisor of c and 100?
20
Let g = 26 - 5. Suppose o = 4*h + 10, 3*o + h + g = 64. What is the highest common factor of 154 and o?
14
Suppose -o + 12 = 2. Suppose -5 = 4*z + 3. Let a be (20/4)/(z/(-16)). Calculate the greatest common factor of a and o.
10
Let m = 192 - 156. Calculate the greatest common factor of 12 and m.
12
Suppose 0 = 49*p - 46*p - 30. Calculate the highest common factor of p and 5.
5
Let h(u) = u**2 - 9*u + 2. Let b(p) = 3*p - 6. Let s be b(5). Let y be h(s). Calculate the highest common factor of y and 14.
2
Suppose 5*c + 4 = -6. Let n be (c + 4)/(-2) - -9. What is the greatest common divisor of 4 and n?
4
Let t = 51 + -41. Calculate the highest common divisor of t and 10.
10
Suppose -2*t - 2*y = -t - 36, 2*t - 57 = y. What is the highest common factor of 12 and t?
6
Suppose -t - 6 = 3*f, 5*t + 2*f = 4*t - 2. Let r = t - 0. Let p(c) = -3*c - 3. Let d be p(-3). Calculate the greatest common divisor of r and d.
6
Suppose 8 - 19 = -x. Let a be (-5 + -2 + 3)/(-1). Let v(t) = 3*t**2 - 4. Let w be v(a). What is the highest common divisor of x and w?
11
Let a(r) = r**2 + 3*r + 1. Let q be a(0). Calculate the highest common divisor of 8 and q.
1
Let s be (12/5)/(4/10). Suppose -660 = -s*u + u. Calculate the greatest common factor of u and 12.
12
Suppose 4*x = 11 - 3. Let v(k) = 16*k**2 - k - 2. Let j be v(x). Calculate the highest common divisor of j and 30.
30
Suppose 4*b = 12, -q + 5*b - 10 = 1. What is the highest common divisor of q and 12?
4
Suppose 1600 = 4*f + f. Suppose l - 6*l = -f. Calculate the greatest common factor of l and 16.
16
Let y(r) = r**3 + 7*r**2 - 3*r - 9. Suppose 0 = x + m, 2*x - 3*m + 8 = -m. Let q = x - 4. Let v be y(q). Calculate the highest common factor of 9 and v.
9
Suppose -11*x = -10*x - 21. What is the greatest common factor of 105 and x?
21
Let j(i) = 226*i**2 + 2*i. Let o be j(-1). What is the greatest common divisor of o and 28?
28
Let h be 1*(1 + 1 + 98). Suppose -5*k - 25 + h = 0. Calculate the highest common divisor of 165 and k.
15
Let b be 3 + 2 + -7 - -38. Calculate the highest common factor of 12 and b.
12
Let u(k) = -k**2 + 9*k + 3. Let y be u(8). Let c(v) = v**2 + 6*v - 5. Let g be c(-9). Calculate the highest common divisor of y and g.
11
Let v = -5 - -97. Calculate the highest common divisor of v and 23.
23
Let u = 228 + -107. Let w be 2*(-2)/4 + 12. What is the greatest common factor of u and w?
11
Let r(i) = i - 12. Let k be r(12). Let j = 11 - k. Calculate the highest common factor of j and 22.
11
Suppose 5*l - 5 = 4*v - v, 0 = 4*v - 4*l + 4. Suppose v*r = r - 56. What is the greatest common factor of r and 8?
8
Let h be (-8)/(-10)*(-30)/(-4). What is the highest common divisor of h and 66?
6
Let o = 219 + -129. Calculate the greatest common divisor of 225 and o.
45
Let h = 176 - 80. Suppose 3*y - 3 = z - 7, 5*z = 2*y + 33. Suppose -5 - z = -x. Calculate the highest common divisor of h and x.
12
Suppose 6 = -m + 2*t + 44, -5*m = -t - 163. Calculate the highest common factor of m and 16.
16
Suppose 3*s + s = -5*z + 26, 0 = -s - 5*z + 14. Let x = 116 - 114. What is the greatest common divisor of x and s?
2
Let y(h) be the third derivative of 0 + 1/3*h**4 + h**2 + 1/20*h**5 + 0*h - 7/6*h**3. Let f be y(5). Calculate the greatest common factor of 12 and f.
12
Let y = -13 + 35. Let l be y*4/8 + 3. Calculate the greatest common divisor of 2 and l.
2
Let y(d) = d**3 - 3*d**2 - 8*d + 15. Let w be y(6). What is the highest common factor of w and 50?
25
Let o(z) = z**3 - z**2 + z + 14. Let h be -2 - -2*(3 + -2). Let w be o(h). What is the greatest common divisor of 126 and w?
14
Suppose -5*i - 2*g + 288 = 2*g, 3*i - 4*g = 192. Let h be (-5)/3*(-18)/2. Calculate the greatest common factor of i and h.
15
Suppose 3*b + 5*u - 138 = 0, -5*u + 3 = 18. What is the highest common factor of 357 and b?
51
Let n = -23 + 29. What is the greatest common factor of n and 54?
6
Suppose -40*p + 34*p = -360. What is the greatest common factor of p and 80?
20
Let z(y) = y**2 - y + 2. Let p be z(2). Let s be (-70)/p*(-4)/5. Calculate the greatest common divisor of 14 and s.
14
Suppose -3*c - 99 = -3*d, -c = 4*c - 15. Let m = d - 22. What is the highest common factor of 56 and m?
14
Suppose -5*d = 5*q - 610, -q = -6*q - d + 602. Let z(m) = 5*m**2 + 3*m + 1. Let n be z(-2). What is the highest common divisor of n and q?
15
Let w(a) = -2*a - 7. Let p = 245 + -117. Let n be p/8*(-1)/2. Let v be w(n). What is the highest common factor of 36 and v?
9
Let s be (1/2)/(8/(-16)). Let j be (2 - 4)*s - -79. What is the greatest common divisor of j and 9?
9
Let d(a) = 0*a - 2*a + 3*a. Let g be d(4). Let q be ((-17)/g)/((-1)/4). Calculate the greatest common divisor of q and 136.
17
Let m(a) = -a - 1. Let t be m(-15). Calculate the greatest common divisor of 28 and t.
14
Let p be 10 + -9 - (-6)/(-2). Let i be (1 - 6 - p) + 19. Calculate the greatest common divisor of i and 144.
16
Suppose -o + 2 = -0*o, -u = 3*o + 39. Let b be (-1995)/u - 1/3. What is the greatest common factor of b and 4?
4
Let z(h) = 2*h + 3. Suppose 5*m = 2*g + 12 + 1, -5*m - 2*g = -17. Let k be z(m). What is the greatest common factor of 45 and k?
9
Suppose -3*f + 288 = -f. Suppose -4*q + 8*q = f. Calculate the highest common factor of 9 and q.
9
Let r = -1 + 23. Suppose 4*u - 10 = r. Calculate the highest common factor of 32 and u.
8
Let y be (6 - 20)*1/2. Let u(j) = 2*j**2 + 6*j + 14. Let n be u(y). Calculate the greatest common factor of 10 and n.
10
Suppose 0 = -5*g + 4*g + 4, 318 = 5*j - 3*g. What is the highest common factor of j and 6?
6
Suppose 4 = -4*w, 5*z - 3*w + w = 2. Let s be (0 + 0)/(z + 2). Let i be (18 - s)/((-1)/(-1)). Calculate the highest common divisor of i and 9.
9
Suppose 0*s - s + 3 = 0. Suppose s*r - 71 = 223. What is the greatest common divisor of r and 14?
14
Let k(z) = z**2 + 4*z + 7. Let d be k(5). Calculate the highest common factor of 156 and d.
52
Let o(z) = 17*z + 1. Let t(b) = -4*b - 17. Let k be t(-6). Let w be o(k). What is the highest common divisor of w and 15?
15
Let i = -23 - -38. Suppose -5*f + 250 = -30. Suppose 3*o - 5*z = 55, 4*z - 18 + f = 2*o. What is the greatest common factor of i and o?
15
Let d = 2 + 19. Suppose 0 = q - 4*q + 2*k + 39, -4*k + 42 = 2*q. Let w = 22 - q. What is the highest common divisor of w and d?
7
Let s(f) = 12*f. Let z be s(4). Calculate the greatest common factor of 6 and z.
6
Suppose 36 = -4*b + 8*b. What is the greatest common factor of 3 and b?
3
Let w = 114 - 72. What is the greatest common factor of 14 and w?
14
Let k = -50 - -55. What is the greatest common divisor of k and 10?
5
Suppose -2*w - 3*j = -3*w + 19, w + 4*j - 33 = 0. Calculate the greatest common factor of 225 and w.
25
Let h be 60/5*(3 - 1). Suppose -3 - 21 = 3*f. Let i be -